ctors of 6943109.
1789, 3881
What are the prime factors of 355534061?
19, 103, 139, 1307
List the prime factors of 2059720352.
2, 31, 2076331
What are the prime factors of 3424820514?
2, 3, 101, 5651519
What are the prime factors of 1181530560?
2, 3, 5, 7, 193, 911
List the prime factors of 41526023.
7, 11, 313, 1723
List the prime factors of 11570665.
5, 2314133
What are the prime factors of 1110947354?
2, 11, 2897, 17431
List the prime factors of 373040668.
2, 7, 11, 13, 151, 617
List the prime factors of 1645261.
367, 4483
What are the prime factors of 1145689773?
3, 41, 9314551
What are the prime factors of 2413545076?
2, 37, 89, 97, 1889
List the prime factors of 141398737.
73, 1936969
List the prime factors of 639455882.
2, 13, 24594457
List the prime factors of 330203208.
2, 3, 3373, 4079
List the prime factors of 370230336.
2, 3, 7, 91823
List the prime factors of 361662508.
2, 43, 271, 7759
List the prime factors of 187849232.
2, 11740577
List the prime factors of 36548635.
5, 83, 88069
What are the prime factors of 1603075443?
3, 534358481
What are the prime factors of 88002707?
13, 31, 139, 1571
List the prime factors of 452325240.
2, 3, 5, 547, 2297
List the prime factors of 64002969.
3, 61, 73, 1597
List the prime factors of 4476058367.
11, 17, 523, 45767
What are the prime factors of 204153916?
2, 51038479
List the prime factors of 142223720.
2, 5, 23, 154591
What are the prime factors of 2318629164?
2, 3, 193219097
List the prime factors of 77450508.
2, 3, 2151403
What are the prime factors of 305758010?
2, 5, 37, 353, 2341
List the prime factors of 41695413.
3, 139, 99989
List the prime factors of 34900980.
2, 3, 5, 581683
List the prime factors of 1247190810.
2, 3, 5, 41573027
List the prime factors of 1414350726.
2, 3, 235725121
List the prime factors of 372742724.
2, 919, 101399
What are the prime factors of 31735246?
2, 47, 337609
List the prime factors of 33531706.
2, 13, 59, 21859
List the prime factors of 473752521.
3, 11, 4785379
What are the prime factors of 1234234250?
2, 5, 109, 45293
List the prime factors of 133118813.
89, 1495717
What are the prime factors of 1723030906?
2, 861515453
List the prime factors of 623721995.
5, 13, 29, 330887
List the prime factors of 16615358.
2, 17, 488687
List the prime factors of 529777915.
5, 105955583
List the prime factors of 21182470.
2, 5, 29, 73043
List the prime factors of 518580956.
2, 41, 113, 27983
List the prime factors of 299615269.
29, 10331561
What are the prime factors of 36595898?
2, 23, 131, 6073
List the prime factors of 108312146.
2, 509, 106397
List the prime factors of 179426758.
2, 7, 199, 64403
List the prime factors of 77956687.
77956687
List the prime factors of 54783736.
2, 7, 127, 7703
What are the prime factors of 208851394?
2, 73, 431, 3319
List the prime factors of 314868845.
5, 67, 109, 8623
What are the prime factors of 349811286?
2, 3, 11, 5300171
What are the prime factors of 75626487?
3, 2800981
What are the prime factors of 426105483?
3, 83, 137, 12491
List the prime factors of 2404854213.
3, 487, 1646033
What are the prime factors of 565712310?
2, 3, 5, 977, 19301
List the prime factors of 196154593.
7043, 27851
List the prime factors of 4389670535.
5, 41, 21413027
List the prime factors of 31007771.
509, 60919
What are the prime factors of 43092237?
3, 14364079
List the prime factors of 206020531.
41, 97, 51803
List the prime factors of 165497834.
2, 23, 283, 12713
What are the prime factors of 7089596808?
2, 3, 7, 227, 185903
List the prime factors of 917817474.
2, 3, 7, 21852797
List the prime factors of 304033636.
2, 76008409
What are the prime factors of 155002289?
13, 67, 251, 709
What are the prime factors of 56480118?
2, 3, 9413353
List the prime factors of 27223177.
31, 878167
List the prime factors of 1341388089.
3, 4861, 30661
List the prime factors of 347204310.
2, 3, 5, 223, 51899
List the prime factors of 3462449474.
2, 11, 71, 719, 3083
List the prime factors of 4784422.
2, 233, 10267
What are the prime factors of 329690258?
2, 164845129
What are the prime factors of 65075900?
2, 5, 650759
What are the prime factors of 10988354?
2, 13, 97, 4357
What are the prime factors of 642484888?
2, 1669, 48119
What are the prime factors of 347085099?
3, 38565011
List the prime factors of 1663871213.
59, 28201207
What are the prime factors of 85150499?
7, 12164357
List the prime factors of 229649687.
23, 9984769
List the prime factors of 578489352.
2, 3, 7, 19, 61, 2971
What are the prime factors of 30375786?
2, 3, 7, 103319
List the prime factors of 147665118.
2, 3, 24610853
What are the prime factors of 2299967377?
2299967377
What are the prime factors of 32991931?
7, 97, 48589
What are the prime factors of 452033386?
2, 7, 97, 127, 2621
What are the prime factors of 28756558?
2, 2333, 6163
What are the prime factors of 222483532?
2, 223, 249421
List the prime factors of 72122737.
1091, 66107
What are the prime factors of 226682046?
2, 3, 17, 19, 127, 307
List the prime factors of 52930390.
2, 5, 19, 278581
List the prime factors of 362025733.
109, 193, 17209
List the prime factors of 77265764.
2, 31, 197, 3163
What are the prime factors of 3061564230?
2, 3, 5, 3251, 31391
What are the prime factors of 60137574?
2, 3, 7, 1431847
What are the prime factors of 10271213?
17, 604189
What are the prime factors of 130466711?
19, 307, 22367
List the prime factors of 22454681.
1129, 19889
List the prime factors of 11240173.
7, 1605739
What are the prime factors of 51049975?
5, 349, 5851
What are the prime factors of 153695671?
3331, 46141
What are the prime factors of 30034162?
2, 211, 71171
List the prime factors of 500515525.
5, 433, 46237
What are the prime factors of 1905424397?
23, 1117, 74167
List the prime factors of 425197203.
3, 47, 71, 42473
What are the prime factors of 1513591681?
7, 216227383
List the prime factors of 39022265.
5, 7804453
List the prime factors of 1651109785.
5, 13, 17, 19, 78643
What are the prime factors of 130553730?
2, 3, 5, 373, 3889
List the prime factors of 5993367292.
2, 11, 136212893
What are the prime factors of 35845809?
3, 17, 101, 6959
List the prime factors of 980463826.
2, 23, 21314431
List the prime factors of 6716122726.
2, 3358061363
List the prime factors of 29919410.
2, 5, 109, 27449
What are the prime factors of 22969270?
2, 5, 977, 2351
What are the prime factors of 2376405652?
2, 4903, 121171
What are the prime factors of 236652924?
2, 3, 4057, 4861
List the prime factors of 336275207.
6709, 50123
What are the prime factors of 232003805?
5, 11, 4218251
List the prime factors of 993117779.
197, 5041207
List the prime factors of 79187514.
2, 3, 7, 193, 9769
List the prime factors of 1752494536.
2, 13, 83, 203023
List the prime factors of 1673289491.
23, 8369, 8693
What are the prime factors of 451446547?
451446547
What are the prime factors of 479150298?
2, 3, 11, 743, 3257
List the prime factors of 86859035.
5, 17, 613, 1667
What are the prime factors of 2828416647?
3, 7, 83, 1622729
What are the prime factors of 608388647?
257, 977, 2423
What are the prime factors of 346679360?
2, 5, 53, 20441
List the prime factors of 163248193.
163248193
List the prime factors of 41239647.
3, 97, 487
What are the prime factors of 816155536?
2, 7, 7287103
What are the prime factors of 1452870079?
53, 27412643
List the prime factors of 1642196708.
2, 410549177
What are the prime factors of 1257834404?
2, 314458601
List the prime factors of 1236827758.
2, 17, 73, 191, 2609
What are the prime factors of 1125877035?
3, 5, 103, 728723
List the prime factors of 88747074.
2, 3, 13, 251, 1511
What are the prime factors of 73900548?
2, 3, 2052793
List the prime factors of 666228987.
3, 74025443
What are the prime factors of 730565132?
2, 11, 887, 18719
List the prime factors of 5010173733.
3, 5737, 291103
List the prime factors of 3471714995.
5, 7, 37, 163, 16447
List the prime factors of 117028084.
2, 181, 161641
What are the prime factors of 12553220?
2, 5, 627661
List the prime factors of 1780493707.
509, 3498023
What are the prime factors of 2918146672?
2, 7, 2203, 11827
What are the prime factors of 725594704?
2, 45349669
What are the prime factors of 319586?
2, 159793
List the prime factors of 114168164.
2, 11